e
Suppose o + 31*a = 29*a + 50297, 3*a = 2*o - 100559. Is o prime?
True
Suppose -2*x + k = -274531, 99*k + 15 = 96*k. Is x prime?
False
Let w(o) = o**3 - 14*o**2 - 10*o + 28. Let q be w(18). Suppose -6*h + q = -278. Is h a composite number?
True
Is 4 - 14/(70/(-763065)) a prime number?
True
Suppose 35*z + 461974 = 37*z - 3*m, 3*m = 5*z - 1154917. Is z a prime number?
False
Let w(j) = 154*j - 9. Let l = 33 - -10. Let q = -38 + l. Is w(q) composite?
False
Let a = 456047 + -295318. Is a a prime number?
False
Let q(l) = -l**2 - 100 + 100 + 22*l**3. Let z be q(1). Is (-4)/14 + 36903/z a composite number?
True
Suppose 76*o - 21*o - 4940127 = 717338. Is o composite?
True
Let r(g) be the third derivative of 5*g**4/12 - 13*g**3/3 - 11*g**2. Let d be r(14). Suppose -3*c + 645 = d. Is c a composite number?
True
Let b(n) be the second derivative of -48*n**3 + 15*n**2/2 - n + 4. Let y(r) = -r. Let u be y(8). Is b(u) a composite number?
True
Is (-300)/(-7950) + (-20201735)/(-265) a prime number?
False
Let q be 1026/(-2) - (2 - 1). Let u(w) = 5*w - 41. Let g be u(8). Is q*g/((-4)/(-14)) a prime number?
False
Is 199565*(590/(-50) - -12) prime?
False
Let l be 0 + 1 + 30 + -1. Let b(g) = -46*g - 96*g + l*g - 98*g + 5. Is b(-5) a prime number?
False
Suppose -w - 31*w = -284000. Suppose 5*n + w = j, -26657 = -4*j + j - n. Is j prime?
False
Suppose n - 308557 = 3*x, 1340708 = 4*n + 4*x + 106416. Is n a prime number?
True
Suppose -15*b + 10973 = -4003 - 2634. Suppose 0 = 2*v - 86 - 252. Let p = b + v. Is p a composite number?
True
Let c = 11365 - 2132. Suppose -2*f + a = -c, a + 32868 = 5*f + 9784. Let z = f + -958. Is z prime?
True
Let u(y) = -y**3 + 7*y**2 - 5*y + 10. Let z be u(4). Suppose -62 = 4*j + z. Let q = j + 74. Is q composite?
True
Suppose 0 = 4*f - 8 - 0, 4*f = -2*r + 4. Let w be 1 + (-15)/(-20) + r/(-8). Suppose 5*b = 3*j + 1112 - 3338, -2*j + 1480 = -w*b. Is j a composite number?
True
Suppose 60 = 4*y - 5*g, -y + 4*g = 2 - 28. Suppose 13*w - 10221 = y*w. Is w prime?
True
Let a(q) be the second derivative of 2*q**5/5 - 13*q**4/12 + 11*q**3/6 + 7*q**2/2 + 21*q. Is a(8) a prime number?
True
Let t(p) = -p**3 - 18*p**2 - p - 12. Let j be t(-18). Is ((-20)/(-30))/(j/109341) prime?
True
Let h be (-8)/(-12) - (-64)/12. Suppose 0 = -3*k + h*k. Suppose -5*a + 2*m + 1047 = 0, 2*m + 0*m - 8 = k. Is a a prime number?
True
Let h = 36 - 24. Is (-1 + h/16)/(4/(-15056)) composite?
False
Is 22 - ((-66664416)/26)/4 a prime number?
False
Let y = 9 - 5. Suppose -y*w + 20 = 4*z, -2*z - 3*w = w - 8. Is -1*(-3)/(-9) + 1508/z composite?
False
Suppose 8490*j + 498924 = 8508*j. Is j composite?
True
Suppose -3*o + 343334 + 274788 = -o. Is o a prime number?
False
Let r(f) = -1575*f - 148. Let u(h) = -4 - 14 - 8 - 11 - 394*h. Let w(n) = 2*r(n) - 9*u(n). Is w(4) composite?
False
Let y be (-6)/9 - 9484/3. Let p = -1261 - y. Is p a composite number?
False
Let v(x) = x**2 + 37*x + 346. Let h be v(-19). Let j = 4462 - 2292. Suppose 2104 = h*c + 5*s, -98 = 4*c - 3*s - j. Is c prime?
True
Let y = 81 + -14. Let a = y + -76. Is (-18885)/a + (-8)/(-12) composite?
False
Let a(h) = 12*h + 449. Let b be a(-37). Suppose 4*c - 2*l - 1928 = -6*l, 0 = b*c - 3*l - 2434. Is c composite?
True
Suppose -20*g + 17072 = -24*g. Is g/(-5) - (-99)/(-165) prime?
True
Suppose 0 = -317*m + 97015403 + 167130384 - 30541830. Is m composite?
False
Suppose -94 - 50 = -9*w. Let z = 20 - w. Suppose -3*g = z*a - 80, 2*a = -g - g + 38. Is a prime?
True
Let u(m) = -18*m**2 - 8*m + 40. Let b(f) = -6*f**2 - 3*f + 13. Let h(a) = -7*b(a) + 2*u(a). Is h(8) a prime number?
False
Let g(f) = 13125*f**2 - 76*f - 175. Is g(-2) composite?
True
Let b(z) = -z**2 - 27*z - 78. Let r be b(-23). Suppose 2*j + 25 = -3*c, 0 = 2*c - c - 5*j + r. Is ((-1574)/3)/(6/c) composite?
False
Let o be -21*(-5)/15 + -2. Suppose 2*q + o*n - 131 = 2*n, 0 = q - 4*n - 93. Let z = q - -42. Is z a prime number?
False
Let p be (-39)/(-78)*((-710)/2 - -1). Let i = 9 - 409. Let s = p - i. Is s prime?
True
Let i(c) = 9 + 40*c**3 - 24*c**3 + c - 15*c**3. Is i(5) a prime number?
True
Let n be (-34)/(-12) + (-57)/(-342). Suppose 0 = 4*q + d - 74661, -5*q + 93329 = n*d + d. Is q a composite number?
True
Let o = -21696 - -55259. Is o a composite number?
False
Let i be (-10)/(-4)*220/50. Let b(f) = 2*f - 18. Let v be b(i). Suppose -7*q = -5*w - 2*q + 2400, 4 = -v*q. Is w composite?
False
Let n be 2/((-8)/(-6))*140/21. Suppose n*d = 3*d. Suppose j - 437 = -3*q, -4*j + 7*q - 3*q + 1748 = d. Is j a composite number?
True
Let i(v) = 127*v**2 - 9*v - 70. Let a(m) = -253*m**2 + 18*m + 142. Let h(r) = -3*a(r) - 5*i(r). Is h(-6) composite?
True
Suppose 80*f - 216 = 89*f. Is f/(-8 + 11) + 3841 a composite number?
False
Let o(j) = 22677*j**2 + 3*j + 29. Is o(-2) a composite number?
False
Suppose 24*k + 52*k - 1398932 = 0. Is k composite?
True
Is -5*((-6)/(-15))/(-2) - -520 prime?
True
Is (-1021035)/(-17) + (-154)/(-1309) a prime number?
False
Is (2 + -28985)/(-7 + (-6 - -10)) composite?
False
Let y = -27548 + 48757. Is y a composite number?
True
Let t be 706054/6 + 21/63. Suppose 3*d + 4*p = 46191, 5*d = -2*p + t - 40677. Is d composite?
False
Let u = -1 + 3. Let p = 159 - 159. Is ((-39)/(-12))/((u + p)/424) prime?
False
Let b(c) = 15739*c - 33. Let o be b(3). Let x = -25925 + o. Is x a prime number?
False
Let b(v) = 138*v - 111. Let l = 220 - 212. Is b(l) composite?
True
Suppose 0 = -z + 2*n + 8, 0 = -3*z + 4*z - 4*n - 16. Let y(f) = 2*f**2 + 2*f - 667. Let t be y(z). Let v = 1221 + t. Is v a composite number?
True
Let c(y) = -33*y**3 + y**2 + 21*y + 7. Let d be c(5). Let w = d - -7115. Is w a composite number?
True
Let n(u) = -7*u**3 + 37*u**2 - 17*u + 29. Let l be n(17). Let m = l + 36569. Is m composite?
False
Let q = -8 + 12. Let z(f) = -2*f**3 + 10*f**2 - 3*f - 2. Let d be z(q). Is 22694/d + 8/36 a prime number?
False
Let n(x) be the third derivative of -153*x**4/8 - 88*x**3/3 - 56*x**2. Is n(-7) a prime number?
True
Let r = 33808 + -8551. Is r a composite number?
True
Let r = 99 - 93. Suppose -10 + r = -2*x. Suppose -5*d = 3*z - 5880 - 10942, 0 = 4*d + x*z - 13458. Is d prime?
False
Let n(t) = t**3 + 24*t**2 - 6*t + 41. Suppose 2*r + 4 = 0, 0 = -0*k + 4*k + 3*r - 6. Suppose 0 = k*c + 5*b + 82, 3*b + 0*b = -5*c - 126. Is n(c) prime?
False
Let j = -8197 + 34490. Is j a prime number?
True
Suppose j - 12 = -4*r, 3*j - 7*r + 2*r + 32 = 0. Is j - (2/9 + (-2140103)/171) composite?
False
Let w be ((-4)/2)/((-4)/(-12)). Let u(v) = 11*v + 124. Let p be u(-11). Is 2 + (-6568)/w + p/9 a prime number?
True
Suppose -4*f = -2*t + 114, -4*t = 5*f - 181 - 21. Suppose t*d + 63660 = 65*d. Is d a composite number?
True
Let d(y) = -6*y - 70. Let m(k) = 2*k + 23. Let l(v) = -3*d(v) - 8*m(v). Let i be l(-11). Suppose r - i*r + 8331 = 0. Is r prime?
True
Let y(f) = 48*f**2 - 3*f + 61. Let x be y(-7). Is (3 - 5)/((-4)/x) prime?
True
Let d(g) = -48*g - 1. Suppose 4*l = -3*t + t + 28, -5*l + 5 = -5*t. Let h be (4 - 0) + 28/(-5 + t). Is d(h) a composite number?
False
Suppose 3 = -3*q, 19*q + 2316 = 2*i + 21*q. Suppose 0 = -2*p + 3*p - 4. Suppose p*k = -a + i, -2*a = -k + 6*k - 2312. Is a a prime number?
True
Let g be 6/(((-5)/5 + 0)/(-2)). Is ((-39132)/48)/((-3)/g) a prime number?
False
Let h(b) = 3*b**2 - 3*b - 10. Let l be h(4). Suppose 3*u - p = 4*p - l, 4*p - 11 = u. Is (-2231)/u + (-24)/(-84) a composite number?
True
Let p(v) = 7*v**2 - 62*v - 11. Let g be p(9). Is (g/(-12))/(15/(-45))*-5218 composite?
False
Suppose -5*j - 1457450 = -111*l + 106*l, 291486 = l - 5*j. Is l a prime number?
True
Let i(g) = 27*g**3 + 31*g**2 + 131*g - 5. Is i(18) prime?
False
Let l(w) = 7*w - 11. Let v be l(2). Is v*(-4)/12*479*-7 a composite number?
True
Suppose 0*j - 2*j = 3*s, 9 = 3*j. Let r(c) = 2312*c**2 - 8*c - 11. Is r(s) composite?
True
Let m(x) = -42*x + 20521. Is m(0) a composite number?
False
Let o(v) = -89*v - 43. Let r be 2/(-6) + (-3)/(-9) + 2. Let h be 3 - 5/r - (-165)/(-10). Is o(h) prime?
True
Let m(r) = 941*r - 19. Let p = -389 + 395. Is m(p) a composite number?
True
Let a(b) = -b**3 - 55*b**2 - 64*b - 145. Is a(-59) a prime number?
False
Let y(c) = -174*c**3 + 2 - 14*c**3 + 2*c - c**2 + 38*c**3. Let h be y(-1). Let l = 636 - h. Is l prime?
True
Suppose -8*c - 14 = -6*c. Is (21/(-2))/c*947